(t) = 6*t**2 - t + 12*t**2 - 19*t**h. What is c(0)?
0
Let c(y) = 5*y - 28*y + 9 + 6*y - 1. Determine c(-3).
59
Let j(l) = -l**2 + 2*l - 2. Let n(k) = -4*k**2 + 2*k - 19. Let i(y) = -5*j(y) + n(y). Give i(5).
-24
Let o = 929 + -927. Let m(p) = -p**2. Let l(h) = 2*h**2 + h + 2. Let q(s) = o*l(s) + 6*m(s). Determine q(-4).
-36
Let s(m) = -2*m + 22. Suppose -4*n + 38 - 32 = h, 18*h + 196 = 4*n. What is s(h)?
42
Suppose t + 17 = -4*k - 2, t + 2*k = -9. Let b(o) = -301*o + t + 302*o + 0. Calculate b(-5).
-4
Let z(g) = 37 - 33*g**2 - 32*g**2 - 29*g - 29*g**2 - 32*g**2 + 127*g**2. Give z(27).
-17
Let f(s) = 15*s**2 + s. Let q = -443 - -288. Let j = -156 - q. Calculate f(j).
14
Let k(f) = 2*f**2 + 2*f - 1. Let a(l) = 13*l**2 + 3*l - 232. Let p(q) = a(q) - 6*k(q). Let x(d) be the first derivative of p(d). What is x(7)?
5
Let t = 36 + 270. Suppose -9 = -297*b + t*b. Let r(u) = -10*u**2 + u. What is r(b)?
-11
Let m(v) = -v**2 - 4*v - 4. Suppose 10*t + 18 = -52. Let d(s) = s**2 + 5*s + 4. Let n be d(t). Suppose 42 = -8*w + n. Determine m(w).
-1
Suppose 57*m = 20*m + 3*m - 204. Let k(o) = -o**2 - 4*o + 10. What is k(m)?
-2
Let b(s) be the first derivative of -12*s**2 + 12*s + 1827. Determine b(3).
-60
Let z(l) = -5*l + 4. Let a(o) = -o - 3. Let b(j) = j**2 - 16*j - 7. Let m be b(16). Let f be a(m). Suppose -2*q + 2*k = -10, -3*k + 6 + 0 = f*q. Determine z(q).
-11
Suppose 0 = -4*a + 4 + 12. Let y(b) be the third derivative of b**5/60 - b**4/6 - 5*b**3/6 - 379*b**2. What is y(a)?
-5
Let a(z) = 3*z**3 - 2*z**2 + 13*z - 10. Let o(f) = 22*f**3 - 14*f**2 + 93*f - 69. Let q(p) = -15*a(p) + 2*o(p). Give q(2).
-6
Let i be 2/((-7)/((-819)/(-6)))*-1. Suppose -i*w + 16 = -43*w. Let l(a) = a**3 + 5*a**2 - a - 5. Calculate l(w).
15
Let z(y) = 8*y - 3. Suppose -7 = -4*c - h, c - 2*h - 19 = -2*c. Suppose -p - c*t - 12 = t, 5*t - 2 = 3*p. Calculate z(p).
-35
Let i(u) be the second derivative of u**3/3 + u**2/2 + 2*u. Let z(l) = -l**3 + 39*l**2 + 41*l - 42. Let a be (880/66)/(1/3). Let h be z(a). Determine i(h).
-3
Let l(n) = -3*n**3 + 4*n**2 - 1. Let r(v) = -v**3. Suppose -2*t + 38*t - 144 = 0. Let i(z) = t*r(z) - l(z). Calculate i(-4).
1
Suppose 5*a = -3*c - 157 + 124, -3*c = -5*a - 27. Let d(k) = 37*k + 238. What is d(a)?
16
Let s(z) = -33*z + 100*z - 47*z + 37 - 52 - 2*z**2 - 39*z. What is s(-8)?
9
Let i(x) be the third derivative of -x**4/8 - 2*x**3/3 - 2*x**2. Let o be i(-3). Let f(j) be the first derivative of j**2/2 - 7*j - 5291. Determine f(o).
-2
Let x(d) = d**3 - 6*d**2 + 3*d + 1. Suppose -4*z + 2*k + 20 = 0, -18*z + 14*z + 12 = 2*k. Calculate x(z).
-19
Let q(f) = f**3 - 5*f**2 + 7*f - 6. Let i = -57 + 17. Let y be (-30)/(-8) - 10/i. Determine q(y).
6
Let z(i) = -i**3 - 5*i**2 + 4*i - 1. Suppose -61 = k - 38. Let w = 10 + k. Let a(c) = -c**2 - 14*c - 19. Let h be a(w). Give z(h).
11
Let x(f) = 2*f**2 - 9*f - 64. Let p be x(-4). Let s(b) = -6*b + 9. Determine s(p).
-15
Let j(d) = -d**2 + 8*d + 3. Let g(z) = -5*z**2 + 45*z + 2. Let o(v) = -g(v) + 6*j(v). Give o(-4).
-12
Let y(c) = -37*c**3 - 158*c**2 + 3*c + 6. Let v(l) = -17*l**3 - 73*l**2 + 2*l + 3. Let q(m) = 13*v(m) - 6*y(m). What is q(0)?
3
Let l(j) = -j + 8. Let o = -14 - -19. Let x be l(o). Suppose x*a - 2*a = -0*a. Let v(c) = c**3 + c**2 - c + 8. Determine v(a).
8
Let t(v) be the third derivative of -1/4*v**4 + 0*v + 1/2*v**3 + 1 - 1/10*v**5 + 17*v**2 - 1/120*v**6. Calculate t(-5).
8
Suppose 0*r - 4*d - 29 = 3*r, 0 = -2*r + d - 1. Let v(u) be the second derivative of 0 - 2*u**2 - 1/3*u**3 - 8*u. What is v(r)?
2
Let b(u) = 19 - 61 + 16 + 51*u - 52*u. What is b(-19)?
-7
Let u(a) = a**2 + a + 1. Let f = 14 + -14. Let r be (f*4/(-16))/(-3). Give u(r).
1
Suppose 0 = 4*j - 10*j - 18. Let v(s) = 2*s**2 - 5*s. Let g(o) = 2*o**2 - 4*o - 1. Let w(p) = j*g(p) + 2*v(p). Give w(3).
-9
Let x(c) = 216 + 16*c - 6*c - 343 + 154. Determine x(-2).
7
Let y(w) = -14*w**2 + 4*w - 2. Let g be y(2). Let k = 51 + g. Let q(s) = -19*s**3 + s**2 - 1. Give q(k).
-19
Let x(u) be the second derivative of -u - 5/6*u**3 - 1/12*u**4 + 5*u**2 + 0. Let p be -1 - 4/5 - (15879/395 - 35). What is x(p)?
-4
Let i = -2903 + 2916. Let u(v) = 8*v - 101. Give u(i).
3
Let k(p) = -p**2 - 4*p - 3. Let a be k(-3). Let r be (-5)/((-20)/4) + 1. Let l be 2 + r - (0 - a). Let m(s) = -s**2 + 4*s. Give m(l).
0
Suppose 0 = -6*w + g + 22 + 9, 0 = w - g - 11. Let s(k) = -3*k**2 + 4*k - 3. Give s(w).
-35
Let p be (6/(-11))/((-144)/1056)*-8. Let r(u) = 4*u + 138. Give r(p).
10
Suppose -5*w + 4*h = -15, 4*w - 33*h + 28*h - 12 = 0. Let n(q) = 10 + 2*q + 12 - 29. Give n(w).
-1
Let s(a) = a**2 + 8*a - 6. Let v = -23713 + 23721. Give s(v).
122
Let i be 390/70 + 6/14. Suppose 0 = -o + 1 - i. Let w(m) = 3*m - 4 - 4*m - m - m**2 + 0*m**2. Give w(o).
-19
Let a(t) be the first derivative of -t**3/3 + t**2/2 + 4*t + 1120. Suppose -2*f - 5*r = 10, -r - 3*r - 16 = 0. Let k = f - 9. Calculate a(k).
-16
Let x be (-7 - (9 + (2 - 12))) + -2. Let z(o) = -o**3 - 9*o**2 - 7*o - 19. Calculate z(x).
-27
Let b(v) = -v**3 - 16*v**2 + 16*v - 2. Let q be b(-17). Let z be (0 + q/(-3) + 9)*-1. Let l(d) = 4*d + 4. Calculate l(z).
-12
Let c(t) = -t**3 + 7*t**2 - t - 8. Let n(q) = 15*q - 998. Let o be n(67). Give c(o).
-15
Let b(s) = 404*s + 8*s**2 - 947*s + 458*s + 15 + 4 - 2*s**2. What is b(14)?
5
Let g(j) = j**2 - 6*j + 3. Let z be 1 - (5 - 2)/3. Let c(r) be the second derivative of -r**3/6 + r**2 - 331*r. Let i be c(z). Calculate g(i).
-5
Let r(o) = -14*o + 231*o + 8 - 59*o. Determine r(-1).
-150
Let c = -7 - -7. Let n(i) be the first derivative of -i**4/4 - i**3/3 + i**2/2 - 22*i + 33398. Determine n(c).
-22
Let g be -26 + 31 + (-2 - 2). Let o(c) = 19*c + g - 17*c - 3*c. Calculate o(3).
-2
Let w(k) = -20*k + 10. Let p(b) = 26*b + 1. Let a(v) = 5*v + 2. Let d(h) = 3*a(h) - p(h). Let q(i) = -11*d(i) + 6*w(i). Let g = -7 - -2. Determine q(g).
0
Let x(d) be the second derivative of 2*d - 1/12*d**4 - 3/2*d**2 + 12 + 1/6*d**3. Suppose -3*q + 6*q = 0. Give x(q).
-3
Let c(l) = l**2 - 4*l - 4. Let m be c(5). Let u(b) = -4 + 92*b + m - 94*b. Calculate u(-2).
1
Let j(i) = -55 - 409814*i**2 + 409797*i**2 - i**3 - 2*i + 11. What is j(-17)?
-10
Let m(u) = 3*u**2 - 1 + 0 - 16*u**2 - u. Suppose -189 - 487 = 676*g. Calculate m(g).
-13
Let g(w) = w + 6. Let r = 252 - 272. Let j(l) = -l**2 - 19*l + 17. Let n be j(r). Determine g(n).
3
Let m(q) = -q**3 + 32*q**2 - 28*q - 94. Let j be (-111)/74*124/(-6). Determine m(j).
-1
Let w(d) be the first derivative of -3*d**2/2 - 10*d + 1921. What is w(1)?
-13
Let p(a) = 193*a - 89*a + 13 + 4*a**2 + 7*a**2 - 89*a - 8*a**2. Determine p(-3).
-5
Suppose -4*w + 15 = -1. Suppose -5*t = d - 31, -t + 1 = -0*t - 5*d. Let v(k) = 1 - k**2 - t - 454*k + 232*k + 227*k. Calculate v(w).
-1
Let m(o) = -2*o**3 - 11*o**2 + 174*o + 10. Let r be m(7). Let h(d) = -d**3 + 2*d**2 + 6*d - 5. Determine h(r).
4
Let g(c) = -c - 8. Let x(a) = 5. Let h(z) = -3*g(z) - 5*x(z). Let t be -1 - (10 + (-3 - 0)) - 1. Give h(t).
-28
Let k(t) = -t**2 - t - 16. Suppose -32*o + 40 - 8 = 0. Let d be o/5 - (-4)/100*-5. Give k(d).
-16
Let l(i) be the first derivative of i**3/3 - 2*i**2 + 26*i - 229. Give l(8).
58
Let u = 7433 + -7437. Let d(x) = 26*x + 5 - 1 - 46*x + 26*x + x**2. What is d(u)?
-4
Let v(t) = -2*t**2 + 6*t - 4. Let s(j) = j - 1. Let x(c) = -6*s(c) + v(c). Let q = -77 - -74. Let d be -1 - (q - (-1 + -4)). Give x(d).
-16
Let t(y) = -19*y + 8. Let m = -3299 + 3302. Give t(m).
-49
Let b(m) = -m**2 + 2*m + 1. Let o(k) = k**3 - 10*k**2 + 18*k + 22. Let y be o(7). Let t(s) = 3*s**2 - 11*s - 6. Let p(g) = y*t(g) + 4*b(g). Give p(-2).
0
Let r = -1 - 6. Let o(s) be the first derivative of -1/2*s**2 - 2*s + 60 - 1/4*s**4 - 7/3*s**3. Determine o(r).
5
Let a(d) be the second derivative of d**5/20 - 5*d**4/12 - 4*d**3/3 + 7*d**2 + 9586*d. Calculate a(5).
-26
Suppose 10 = -5*n - 10, -2*p - 4*n = 412. Let d = p - -199. Let u(r) = 4*r - 1. Calculate u(d).
3
Let z(b) = b**3 - 13*b**2 + 19*b - 84. Suppose 5*w - 2564 + 2577 = 4*c, 3*c + 5*w = 71. Give z(c).
0
Let w(u) = u + 14. Let f(h) = h**3 - 13*h**2 + 36*h + 47. Let t(a) = f(a) - 3*w(a). What is t(9)?
-22
Let h(s) = -s - 1. Let d(r) = -3*r - 5. Let i(t) = d(t) - 4*h(t). Suppose 24*g + 74231 - 74063 = 0. Determine i(g).
-8
Let r(w) be the third derivative of -w*